9484008?
69484009
In base 2, what is 111 - 111000001101101111?
-111000001101101000
In base 3, what is -2 - -2000012202111000?
2000012202110221
In base 9, what is 681 - 1035054?
-1034263
In base 10, what is 343 - 696227?
-695884
In base 10, what is -582152618 - 0?
-582152618
In base 6, what is -2 + 5000452251?
5000452245
In base 12, what is -b + 28072587?
28072578
In base 9, what is 115 - 46037?
-45822
In base 12, what is -8592a - -10b9?
-84831
In base 10, what is -25004 + 251?
-24753
In base 16, what is 89ab9 - -1f?
89ad8
In base 12, what is 96 - -1ab3066?
1ab3140
In base 2, what is 1000100110 - 1101111001?
-101010011
In base 5, what is -23200001330 + -13?
-23200001343
In base 15, what is 61ba0e5 + 4?
61ba0e9
In base 4, what is -13010010 + -3130002?
-22200012
In base 12, what is 374 - 1202a9?
-11bb35
In base 16, what is -171 - f8ddd?
-f8f4e
In base 6, what is -2 - -414013101?
414013055
In base 7, what is -122 + -1445301?
-1445423
In base 2, what is 101000111001100000 - 10000000?
101000110111100000
In base 10, what is 43 + -1698588?
-1698545
In base 5, what is 2343332 - -40130?
2434012
In base 14, what is -83522c - 2?
-835230
In base 16, what is -4 - -561c20f?
561c20b
In base 11, what is 13 + 904098?
904100
In base 4, what is 23103 + -32011121?
-31322012
In base 5, what is 1043431 - -100421?
1144402
In base 5, what is 10 - 2012211131?
-2012211121
In base 14, what is -56 - -19a6761?
19a6709
In base 11, what is 153a23277 - 3?
153a23274
In base 15, what is 1c - -832adb?
832b08
In base 15, what is b0 + e230?
e2e0
In base 16, what is -fc61d + -6?
-fc623
In base 9, what is 25 - -2877831?
2877856
In base 9, what is 500208512 - 0?
500208512
In base 6, what is -10455521 + -124?
-10500045
In base 8, what is 111107 + -1112?
107775
In base 10, what is 404 + 292959?
293363
In base 7, what is 11053 - -12122?
23205
In base 9, what is -750 + 43757?
43007
In base 14, what is -3ca - 10b56?
-11142
In base 10, what is 88463 - 117?
88346
In base 2, what is -11100100001111 + 10100011011100?
-1000000110011
In base 3, what is -100210001 + 11011000?
-12122001
In base 5, what is -313420230 - 143?
-313420423
In base 9, what is 256 - 134547?
-134281
In base 2, what is -11010100000101101110100001 - 0?
-11010100000101101110100001
In base 3, what is 11210211000 + -11220?
11210122010
In base 13, what is 214 - -93400?
93614
In base 12, what is 7 - -4737b2?
4737b9
In base 4, what is 23002321210200 - 11?
23002321210123
In base 12, what is 304 - 102a?
-926
In base 10, what is -12 - -813110?
813098
In base 15, what is -1039 + -5a9?
-15e3
In base 3, what is 10011 + -101210102000?
-101210021212
In base 10, what is -1351 - -824?
-527
In base 10, what is -1 - 254556440?
-254556441
In base 7, what is -2233 - -333513?
331250
In base 15, what is 447 + -70b?
-2b4
In base 4, what is 2010202312 - 13?
2010202233
In base 4, what is -20001 - 130310311?
-130330312
In base 4, what is -102031120302 + 10?
-102031120232
In base 16, what is e2f3c2e - -4?
e2f3c32
In base 13, what is 4 - -214b90?
214b94
In base 15, what is 1dcd4e5 - -8?
1dcd4ed
In base 13, what is -c65 - 2089?
-3021
In base 11, what is 1 + 13779a1?
13779a2
In base 5, what is -3 - 20412201222?
-20412201230
In base 11, what is -8a337 - 127?
-8a463
In base 7, what is 246 - -1413010?
1413256
In base 12, what is -5 + -380a5836?
-380a583b
In base 13, what is -ba + -30bb?
-31a8
In base 7, what is -104664345 + -11?
-104664356
In base 10, what is 429898235 - -2?
429898237
In base 5, what is -1010044 + 20241?
-434303
In base 3, what is 1121210222100 - 120201?
1121210101122
In base 10, what is 96477 - 4?
96473
In base 8, what is 14474 + -1172?
13302
In base 2, what is 1101001110011001000 + 1100?
1101001110011010100
In base 14, what is 8b98ba - -a?
8b98c6
In base 2, what is 1011111111000100100011 + -1111?
1011111111000100010100
In base 3, what is -100212001121021 + -2?
-100212001121100
In base 2, what is 110011001000011111000010 + -11001?
110011001000011110101001
In base 7, what is -3632 - -555145?
551213
In base 15, what is 65c - -2d2?
93e
In base 6, what is 1540445 - 21055?
1515350
In base 12, what is 5530 + -205a?
3492
In base 16, what is 37312 - 2f6?
3701c
In base 5, what is 40 - -2313331441?
2313332031
In base 11, what is -3 - 26a0a4?
-26a0a7
In base 9, what is -11230817 - 13?
-11230831
In base 12, what is -1a7 + -1b291?
-1b478
In base 10, what is -285 + 59154?
58869
In base 4, what is 2331212 - 33333?
2231213
In base 8, what is 13 + -157507004?
-157506771
In base 3, what is -2001120 + -212202121?
-221211011
In base 8, what is 150526464 + 1?
150526465
In base 6, what is -31123 - 4041?
-35204
In base 9, what is -40872860 + 1?
-40872858
In base 10, what is 15036306 - 6?
15036300
In base 3, what is 100202102112211202 - 2?
100202102112211200
In base 8, what is 42 - 13132676?
-13132634
In base 3, what is 102122 - -220010201?
220120100
In base 8, what is 536203 - -20?
536223
In base 7, what is 1516 + -1345055?
-1343236
In base 6, what is 340404 + 14541?
355345
In base 7, what is 2446022 + 56?
2446111
In base 13, what is 312 + 90084?
90396
In base 2, what is -10010001010011010100 - -10001?
-10010001010011000011
In base 10, what is 1588 + 311057?
312645
In base 12, what is 2ab8b152 + 3?
2ab8b155
In base 16, what is 1 + 31e78d?
31e78e
In base 6, what is -3 - 1555434554?
-1555435001
In base 9, what is -7332 + -116710?
-125142
In base 3, what is -12101011002201002 - 2?
-12101011002201011
In base 8, what is -174224323 - 4?
-174224327
In base 6, what is 234 + 403251?
403525
In base 16, what is -1604 - -387?
-127d
In base 13, what is 56 + -349cb?
-34975
In base 15, what is b4 + -11c532?
-11c46d
In base 9, what is -16 + -4744220?
-4744236
In base 11, what is 93 - 3a71653?
-3a71570
In base 6, what is -125323420 + 2?
-125323414
In base 10, what is -48398 - 4569?
-52967
In base 14, what is -30a0 - -7c6d?
4bad
In base 11, what is 508 - -20788?
21195
In base 4, what is -132011 - 2121332312?
-2122130323
In base 14, what is -6151d + -9a5?
-620c4
In base 10, what is -2532 + -1652?
-4184
In base 10, what is -12700174 - 0?
-12700174
In base 2, what is 100000100 + -1011101100001011?
-1011101000000111
In base 9, what is -1727300 - -3?
-1727286
In base 15, what is -1ba207 + -177?
-1ba37e
In base 13, what is a - 4598c93?
-4598c86
In base 10, what is -3042 - -752?
-2290
In base 6, what is 22040 - -4205?
30245
In base 12, what is 462 - -25218?
2567a
In base 15, what is 1021 - -36b3?
46d4
In base 10, what is 1 + 1880892?
1880893
In base 10, what is -7942 + -278?
-8220
In base 4, what is 1010303133030032 - 10?
1010303133030022
In base 11, what is 338191a6 + -1?
338191a5
In base 9, what is 10354751 - -2?
10354753
In base 11, what is -a369 + -616?
-a984
In base 8, what is -203356 + 35510?
-145646
In base 12, what is -2b3 + -664730?
-664a23
In base 14, what is -2164 + -4385?
-6509
In base 10, what is 3 - 187550593?
-187550590
In base 15, what is 9b256 - 336?
9ae20
In base 15, what is 75039b - -1?
75039c
In base 8, what is 4571530 - 5?
4571523
In base 4, what is 12123 - 10022102001?
-10022023212
In base 7, what is 1034 + -15150?
-14113
In base 4, what is -2 + -123011010233?
-123011010301
In base 6, what is -500240 - -2012?
-454224
In base 6, what is -3 - 1350144012?
-1350144015
In base 12, what is 14281 + 2352?
16613
In base 11, what is -1 - 4107266?
-4107267
In base 6, what is 4145001 + 212?
4145213
In base 13, what is 0 + -59ca96?
-59ca96
In base 3, what is -11022120221 + 102?
-11022120112
In base 10, what is 833 - 192286?
-191453
In base 16, what is -35ab624 - 1?
-35ab625
In base 2, what is -1111011001000011110 - -1001100?
-1111011000111010010
In base 11, what is 3475 + -3358?
118
In base 14, what is -51bbda2 - -3?
-51bbd9d
In base 2, what is -1001100 - -1001001111000011101?
1001001110111010001
In base 4, what is -23133001303223 - -13?
-23133001303210
In base 10, what is -56 - -254981?
254925
In base 10, what is -23 - 2944347?
-2944370
In base 8, what is 0 + 11236026?
11236026
In base 11, what is 239 + 470031?
47026a
In base 16, what is a9f7 + 82?
aa79
In base 8, what is -12310333700 - 4?
-12310333704
In base 11, what is -5 - -60a98a7?
60a98a2
In base 11, what is -6 - -1816434?
1816429
In base 14, what is 38 + -1908ac6?
-1908a8c
In base 6, what is -54133 - -11354?
-4233